{"id":148,"date":"2026-01-04T21:30:40","date_gmt":"2026-01-04T21:30:40","guid":{"rendered":"https:\/\/ciencia-medicina-biologia-molecular.clinicavaldai.com.br\/porto-alegre-rs-brasil\/?page_id=148"},"modified":"2026-01-09T11:54:16","modified_gmt":"2026-01-09T11:54:16","slug":"tratamentos-preventivos","status":"publish","type":"page","link":"https:\/\/ciencia-medicina-biologia-molecular.clinicavaldai.com.br\/porto-alegre-rs-brasil\/tratamentos-preventivos\/","title":{"rendered":"TRATAMENTOS PREVENTIVOS"},"content":{"rendered":"\n<div class=\"wp-block-group has-global-padding is-layout-constrained wp-container-core-group-is-layout-429943f4 wp-block-group-is-layout-constrained\" style=\"padding-top:var(--wp--preset--spacing--xx-large);padding-right:var(--wp--preset--spacing--x-small);padding-bottom:var(--wp--preset--spacing--xx-large);padding-left:var(--wp--preset--spacing--x-small)\">\n<div class=\"wp-block-group alignfull has-global-padding is-layout-constrained wp-container-core-group-is-layout-19de00cd wp-block-group-is-layout-constrained\" style=\"margin-top:0;margin-bottom:0\">\n<div class=\"wp-block-columns is-layout-flex wp-container-core-columns-is-layout-437095ab wp-block-columns-is-layout-flex\" style=\"margin-top:0;padding-top:var(--wp--preset--spacing--x-small)\">\n<div class=\"wp-block-column is-layout-flow wp-container-core-column-is-layout-c7b3064f wp-block-column-is-layout-flow\">\n<div class=\"wp-block-group is-nowrap is-layout-flex wp-container-core-group-is-layout-dae6801e wp-block-group-is-layout-flex\" style=\"margin-bottom:var(--wp--preset--spacing--x-small)\">\n<hr class=\"wp-block-separator has-text-color has-highlight-color has-alpha-channel-opacity has-highlight-background-color has-background is-style-wide wp-container-content-e1bb55cb\"\/>\n\n\n\n<h6 class=\"wp-block-heading has-highlight-color has-text-color has-link-color has-poppins-font-family has-x-small-font-size wp-elements-5b0127eb63226fbaf3a02960adee6ba4\" style=\"font-style:normal;font-weight:600\">Cl\u00ednica Dr. Jos\u00e9 Valda\u00ed de Souza<\/h6>\n<\/div>\n\n\n\n<h3 class=\"wp-block-heading has-poppins-font-family\" style=\"font-style:normal;font-weight:700\">TRATAMENTOS PREVENTIVOS<\/h3>\n\n\n\n<p class=\"has-text-align-left has-poppins-font-family has-small-font-size\">Ao realizar exames qu\u00edmicos da mat\u00e9ria do corpo &#8211; mineralogia &#8211; ( Cabelo, Unhas, Cut\u00edculas, Dentes ou Ossos) \u00e9 poss\u00edvel identificar com precis\u00e3o a intoxica\u00e7\u00e3o por metais pesados e drogas de abuso.<br><br>Pelo sangue, urina, secre\u00e7\u00e3o e tecidos podemos avaliar a quantidade de minerais, vitaminas amino\u00e1cidos e metais t\u00f3xicos circulantes (intoxica\u00e7\u00e3o aguda).<br><br>Gra\u00e7as a esta evolu\u00e7\u00e3o, determina-se com maior precocidade a incid\u00eancia de diversas patologias.<\/p>\n\n\n\n<p class=\"has-text-align-left has-poppins-font-family has-small-font-size\"><\/p>\n<\/div>\n\n\n\n<div class=\"wp-block-column is-vertically-aligned-bottom is-layout-flow wp-block-column-is-layout-flow\">\n<figure class=\"wp-block-image size-full\"><img loading=\"lazy\" decoding=\"async\" width=\"607\" height=\"577\" src=\"https:\/\/ciencia-medicina-biologia-molecular.clinicavaldai.com.br\/porto-alegre-rs-brasil\/wp-content\/uploads\/2026\/01\/mineralogia-mineralograma.jpg\" alt=\"\" class=\"wp-image-281\" srcset=\"https:\/\/ciencia-medicina-biologia-molecular.clinicavaldai.com.br\/porto-alegre-rs-brasil\/wp-content\/uploads\/2026\/01\/mineralogia-mineralograma.jpg 607w, https:\/\/ciencia-medicina-biologia-molecular.clinicavaldai.com.br\/porto-alegre-rs-brasil\/wp-content\/uploads\/2026\/01\/mineralogia-mineralograma-300x285.jpg 300w\" sizes=\"auto, (max-width: 607px) 100vw, 607px\" \/><\/figure>\n\n\n\n<p class=\"has-text-align-left has-poppins-font-family has-small-font-size\"><\/p>\n<\/div>\n<\/div>\n\n\n\n<div class=\"wp-block-group has-global-padding is-layout-constrained wp-container-core-group-is-layout-23cc8a20 wp-block-group-is-layout-constrained\">\n<div class=\"wp-block-group is-content-justification-center is-nowrap is-layout-flex wp-container-core-group-is-layout-23441af8 wp-block-group-is-layout-flex\">\n<hr class=\"wp-block-separator has-text-color has-outline-color has-alpha-channel-opacity has-outline-background-color has-background\"\/>\n\n\n\n<p class=\"has-text-align-center has-poppins-font-family has-large-font-size\" style=\"font-style:normal;font-weight:600;line-height:1.3\">TRATAMENTOS PREVENTIVOS<\/p>\n\n\n\n<p class=\"has-text-align-center has-poppins-font-family has-large-font-size\" style=\"font-style:normal;font-weight:600;line-height:1.3\"><\/p>\n\n\n\n<hr class=\"wp-block-separator has-text-color has-outline-color has-alpha-channel-opacity has-outline-background-color has-background\"\/>\n<\/div>\n\n\n\n<div class=\"wp-block-columns is-layout-flex wp-container-core-columns-is-layout-318252f0 wp-block-columns-is-layout-flex\">\n<div class=\"wp-block-column is-layout-flow wp-block-column-is-layout-flow\">\n<div class=\"wp-block-group is-content-justification-center is-layout-flex wp-container-core-group-is-layout-132f66e4 wp-block-group-is-layout-flex\">\n<div class=\"wp-block-group has-border-color has-outline-border-color wp-container-content-9cfa9a5a has-global-padding is-layout-constrained wp-container-core-group-is-layout-9a4c8acf wp-block-group-is-layout-constrained\" style=\"border-width:1px;border-radius:10px;padding-top:var(--wp--preset--spacing--small);padding-right:var(--wp--preset--spacing--small);padding-bottom:var(--wp--preset--spacing--small);padding-left:var(--wp--preset--spacing--small)\">\n<h5 class=\"wp-block-heading has-text-align-center has-poppins-font-family\" style=\"font-style:normal;font-weight:700\">Alergia e Imunodefici\u00eancias<\/h5>\n<\/div>\n\n\n\n<div class=\"wp-block-group has-border-color has-outline-border-color wp-container-content-9cfa9a5a has-global-padding is-layout-constrained wp-container-core-group-is-layout-9a4c8acf wp-block-group-is-layout-constrained\" style=\"border-width:1px;border-radius:10px;padding-top:var(--wp--preset--spacing--small);padding-right:var(--wp--preset--spacing--small);padding-bottom:var(--wp--preset--spacing--small);padding-left:var(--wp--preset--spacing--small)\">\n<h5 class=\"wp-block-heading has-text-align-center has-poppins-font-family\" style=\"font-style:normal;font-weight:700\">Reumatismo<\/h5>\n<\/div>\n<\/div>\n<\/div>\n\n\n\n<div class=\"wp-block-column is-layout-flow wp-block-column-is-layout-flow\">\n<div class=\"wp-block-group is-content-justification-center is-layout-flex wp-container-core-group-is-layout-132f66e4 wp-block-group-is-layout-flex\">\n<div class=\"wp-block-group has-border-color has-outline-border-color wp-container-content-9cfa9a5a has-global-padding is-layout-constrained wp-container-core-group-is-layout-9a4c8acf wp-block-group-is-layout-constrained\" style=\"border-width:1px;border-radius:10px;padding-top:var(--wp--preset--spacing--small);padding-right:var(--wp--preset--spacing--small);padding-bottom:var(--wp--preset--spacing--small);padding-left:var(--wp--preset--spacing--small)\">\n<h5 class=\"wp-block-heading has-text-align-center has-poppins-font-family\" style=\"font-style:normal;font-weight:700\">Hipertensao Arterial<\/h5>\n<\/div>\n\n\n\n<div class=\"wp-block-group has-border-color has-outline-border-color wp-container-content-9cfa9a5a has-global-padding is-layout-constrained wp-container-core-group-is-layout-9a4c8acf wp-block-group-is-layout-constrained\" style=\"border-width:1px;border-radius:10px;padding-top:var(--wp--preset--spacing--small);padding-right:var(--wp--preset--spacing--small);padding-bottom:var(--wp--preset--spacing--small);padding-left:var(--wp--preset--spacing--small)\">\n<h5 class=\"wp-block-heading has-text-align-center has-poppins-font-family\" style=\"font-style:normal;font-weight:700\">Osteoporose<\/h5>\n<\/div>\n<\/div>\n<\/div>\n<\/div>\n\n\n\n<div class=\"wp-block-columns is-layout-flex wp-container-core-columns-is-layout-318252f0 wp-block-columns-is-layout-flex\">\n<div class=\"wp-block-column is-layout-flow wp-block-column-is-layout-flow\">\n<div class=\"wp-block-group is-content-justification-center is-layout-flex wp-container-core-group-is-layout-132f66e4 wp-block-group-is-layout-flex\">\n<div class=\"wp-block-group has-border-color has-outline-border-color wp-container-content-9cfa9a5a has-global-padding is-layout-constrained wp-container-core-group-is-layout-9a4c8acf wp-block-group-is-layout-constrained\" style=\"border-width:1px;border-radius:10px;padding-top:var(--wp--preset--spacing--small);padding-right:var(--wp--preset--spacing--small);padding-bottom:var(--wp--preset--spacing--small);padding-left:var(--wp--preset--spacing--small)\">\n<h5 class=\"wp-block-heading has-text-align-center has-poppins-font-family\" style=\"font-style:normal;font-weight:700\">Tromboflebites<\/h5>\n<\/div>\n<\/div>\n\n\n\n<div class=\"wp-block-group has-border-color has-outline-border-color wp-container-content-9cfa9a5a has-global-padding is-layout-constrained wp-container-core-group-is-layout-9a4c8acf wp-block-group-is-layout-constrained\" style=\"border-width:1px;border-radius:10px;padding-top:var(--wp--preset--spacing--small);padding-right:var(--wp--preset--spacing--small);padding-bottom:var(--wp--preset--spacing--small);padding-left:var(--wp--preset--spacing--small)\">\n<h5 class=\"wp-block-heading has-text-align-center has-poppins-font-family\" style=\"font-style:normal;font-weight:700\">C\u00e1n\u00e7er<\/h5>\n<\/div>\n<\/div>\n\n\n\n<div class=\"wp-block-column is-layout-flow wp-block-column-is-layout-flow\">\n<div class=\"wp-block-group has-border-color has-outline-border-color wp-container-content-9cfa9a5a has-global-padding is-layout-constrained wp-container-core-group-is-layout-9a4c8acf wp-block-group-is-layout-constrained\" style=\"border-width:1px;border-radius:10px;padding-top:var(--wp--preset--spacing--small);padding-right:var(--wp--preset--spacing--small);padding-bottom:var(--wp--preset--spacing--small);padding-left:var(--wp--preset--spacing--small)\">\n<h5 class=\"wp-block-heading has-text-align-center has-poppins-font-family\" style=\"font-style:normal;font-weight:700\">Degenera\u00e7\u00f5es Cerebrais<\/h5>\n<\/div>\n\n\n\n<div class=\"wp-block-group is-content-justification-center is-layout-flex wp-container-core-group-is-layout-132f66e4 wp-block-group-is-layout-flex\">\n<div class=\"wp-block-group has-border-color has-outline-border-color wp-container-content-9cfa9a5a has-global-padding is-layout-constrained wp-container-core-group-is-layout-9a4c8acf wp-block-group-is-layout-constrained\" style=\"border-width:1px;border-radius:10px;padding-top:var(--wp--preset--spacing--small);padding-right:var(--wp--preset--spacing--small);padding-bottom:var(--wp--preset--spacing--small);padding-left:var(--wp--preset--spacing--small)\">\n<h5 class=\"wp-block-heading has-text-align-center has-poppins-font-family\" style=\"font-style:normal;font-weight:700\">Envelhecimento<\/h5>\n<\/div>\n<\/div>\n<\/div>\n<\/div>\n\n\n\n<div class=\"wp-block-columns is-layout-flex wp-container-core-columns-is-layout-318252f0 wp-block-columns-is-layout-flex\">\n<div class=\"wp-block-column is-layout-flow wp-block-column-is-layout-flow\">\n<div class=\"wp-block-group is-content-justification-center is-layout-flex wp-container-core-group-is-layout-132f66e4 wp-block-group-is-layout-flex\">\n<div class=\"wp-block-group has-border-color has-outline-border-color wp-container-content-9cfa9a5a has-global-padding is-layout-constrained wp-container-core-group-is-layout-9a4c8acf wp-block-group-is-layout-constrained\" style=\"border-width:1px;border-radius:10px;padding-top:var(--wp--preset--spacing--small);padding-right:var(--wp--preset--spacing--small);padding-bottom:var(--wp--preset--spacing--small);padding-left:var(--wp--preset--spacing--small)\">\n<h5 class=\"wp-block-heading has-text-align-center has-poppins-font-family\" style=\"font-style:normal;font-weight:700\">Intoxica\u00e7\u00f5es Qu\u00edmicas<\/h5>\n<\/div>\n\n\n\n<div class=\"wp-block-group has-border-color has-outline-border-color wp-container-content-9cfa9a5a has-global-padding is-layout-constrained wp-container-core-group-is-layout-9a4c8acf wp-block-group-is-layout-constrained\" style=\"border-width:1px;border-radius:10px;padding-top:var(--wp--preset--spacing--small);padding-right:var(--wp--preset--spacing--small);padding-bottom:var(--wp--preset--spacing--small);padding-left:var(--wp--preset--spacing--small)\">\n<h5 class=\"wp-block-heading has-text-align-center has-poppins-font-family\" style=\"font-style:normal;font-weight:700\">Doen\u00e7as Cardiovasculares, <br>Nervosas e Pulmonares<\/h5>\n<\/div>\n<\/div>\n<\/div>\n\n\n\n<div class=\"wp-block-column is-layout-flow wp-block-column-is-layout-flow\">\n<div class=\"wp-block-group is-content-justification-center is-layout-flex wp-container-core-group-is-layout-132f66e4 wp-block-group-is-layout-flex\">\n<div class=\"wp-block-group has-border-color has-outline-border-color wp-container-content-9cfa9a5a has-global-padding is-layout-constrained wp-container-core-group-is-layout-9a4c8acf wp-block-group-is-layout-constrained\" style=\"border-width:1px;border-radius:10px;padding-top:var(--wp--preset--spacing--small);padding-right:var(--wp--preset--spacing--small);padding-bottom:var(--wp--preset--spacing--small);padding-left:var(--wp--preset--spacing--small)\">\n<h5 class=\"wp-block-heading has-text-align-center has-poppins-font-family\" style=\"font-style:normal;font-weight:700\">Doen\u00e7as da pele<\/h5>\n<\/div>\n\n\n\n<div class=\"wp-block-group has-border-color has-outline-border-color wp-container-content-9cfa9a5a has-global-padding is-layout-constrained wp-container-core-group-is-layout-9a4c8acf wp-block-group-is-layout-constrained\" style=\"border-width:1px;border-radius:10px;padding-top:var(--wp--preset--spacing--small);padding-right:var(--wp--preset--spacing--small);padding-bottom:var(--wp--preset--spacing--small);padding-left:var(--wp--preset--spacing--small)\">\n<h5 class=\"wp-block-heading has-text-align-center has-poppins-font-family\" style=\"font-style:normal;font-weight:700\">Dislipedemias<\/h5>\n\n\n\n<p class=\"has-text-align-center has-poppins-font-family\" style=\"font-style:normal;font-weight:600;line-height:1.3\">(altera\u00e7\u00f5es na quantidade e qualidade <br>de gorduras)<\/p>\n<\/div>\n<\/div>\n<\/div>\n<\/div>\n<\/div>\n<\/div>\n<\/div>\n\n\n\n<p><\/p>\n","protected":false},"excerpt":{"rendered":"<p>Cl\u00ednica Dr. Jos\u00e9 Valda\u00ed de Souza TRATAMENTOS PREVENTIVOS Ao realizar exames qu\u00edmicos da mat\u00e9ria do corpo &#8211; mineralogia &#8211; ( Cabelo, Unhas, Cut\u00edculas, Dentes ou Ossos) \u00e9 poss\u00edvel identificar com precis\u00e3o a intoxica\u00e7\u00e3o por metais pesados e drogas de abuso. Pelo sangue, urina, secre\u00e7\u00e3o e tecidos podemos avaliar a quantidade de minerais, vitaminas amino\u00e1cidos e [&hellip;]<\/p>\n","protected":false},"author":1,"featured_media":0,"parent":0,"menu_order":0,"comment_status":"closed","ping_status":"closed","template":"page-no-gap","meta":{"pagelayer_contact_templates":[],"_pagelayer_content":"","footnotes":""},"class_list":["post-148","page","type-page","status-publish","hentry"],"_links":{"self":[{"href":"https:\/\/ciencia-medicina-biologia-molecular.clinicavaldai.com.br\/porto-alegre-rs-brasil\/wp-json\/wp\/v2\/pages\/148","targetHints":{"allow":["GET"]}}],"collection":[{"href":"https:\/\/ciencia-medicina-biologia-molecular.clinicavaldai.com.br\/porto-alegre-rs-brasil\/wp-json\/wp\/v2\/pages"}],"about":[{"href":"https:\/\/ciencia-medicina-biologia-molecular.clinicavaldai.com.br\/porto-alegre-rs-brasil\/wp-json\/wp\/v2\/types\/page"}],"author":[{"embeddable":true,"href":"https:\/\/ciencia-medicina-biologia-molecular.clinicavaldai.com.br\/porto-alegre-rs-brasil\/wp-json\/wp\/v2\/users\/1"}],"replies":[{"embeddable":true,"href":"https:\/\/ciencia-medicina-biologia-molecular.clinicavaldai.com.br\/porto-alegre-rs-brasil\/wp-json\/wp\/v2\/comments?post=148"}],"version-history":[{"count":21,"href":"https:\/\/ciencia-medicina-biologia-molecular.clinicavaldai.com.br\/porto-alegre-rs-brasil\/wp-json\/wp\/v2\/pages\/148\/revisions"}],"predecessor-version":[{"id":609,"href":"https:\/\/ciencia-medicina-biologia-molecular.clinicavaldai.com.br\/porto-alegre-rs-brasil\/wp-json\/wp\/v2\/pages\/148\/revisions\/609"}],"wp:attachment":[{"href":"https:\/\/ciencia-medicina-biologia-molecular.clinicavaldai.com.br\/porto-alegre-rs-brasil\/wp-json\/wp\/v2\/media?parent=148"}],"curies":[{"name":"wp","href":"https:\/\/api.w.org\/{rel}","templated":true}]}}