{"id":119,"date":"2024-03-26T06:22:04","date_gmt":"2024-03-26T06:22:04","guid":{"rendered":"https:\/\/demo.blockskit.com\/digital-agency\/?page_id=168"},"modified":"2026-02-10T05:22:27","modified_gmt":"2026-02-10T05:22:27","slug":"fale-conosco","status":"publish","type":"page","link":"https:\/\/ciencia-medicina-biologia-molecular.clinicavaldai.com.br\/porto-alegre-rs-brasil\/fale-conosco\/","title":{"rendered":"FALE CONOSCO"},"content":{"rendered":"\n<div class=\"wp-block-group has-global-padding is-layout-constrained wp-container-core-group-is-layout-c312d2cd wp-block-group-is-layout-constrained\" style=\"padding-right:var(--wp--preset--spacing--x-small);padding-left:var(--wp--preset--spacing--x-small)\">\n<div class=\"wp-block-group alignfull has-global-padding is-layout-constrained wp-container-core-group-is-layout-ec50940b wp-block-group-is-layout-constrained\" style=\"margin-top:0;margin-bottom:0;padding-top:var(--wp--preset--spacing--xx-large);padding-right:var(--wp--preset--spacing--x-small);padding-bottom:var(--wp--preset--spacing--xx-large);padding-left:var(--wp--preset--spacing--x-small)\">\n<div class=\"wp-block-columns is-layout-flex wp-container-core-columns-is-layout-9859d175 wp-block-columns-is-layout-flex\">\n<div class=\"wp-block-column is-layout-flow wp-container-core-column-is-layout-8a368f38 wp-block-column-is-layout-flow\" style=\"flex-basis:56%\">\n<figure class=\"wp-block-image size-full has-custom-border is-style-rounded\"><img loading=\"lazy\" decoding=\"async\" width=\"504\" height=\"598\" src=\"https:\/\/ciencia-medicina-biologia-molecular.clinicavaldai.com.br\/porto-alegre-rs-brasil\/wp-content\/uploads\/2026\/01\/mercosulcenter.jpg\" alt=\"\" class=\"wp-image-372\" style=\"border-top-left-radius:40px;border-top-right-radius:40px;border-bottom-left-radius:40px;border-bottom-right-radius:40px;aspect-ratio:0.8428153934394887\" srcset=\"https:\/\/ciencia-medicina-biologia-molecular.clinicavaldai.com.br\/porto-alegre-rs-brasil\/wp-content\/uploads\/2026\/01\/mercosulcenter.jpg 504w, https:\/\/ciencia-medicina-biologia-molecular.clinicavaldai.com.br\/porto-alegre-rs-brasil\/wp-content\/uploads\/2026\/01\/mercosulcenter-253x300.jpg 253w\" sizes=\"auto, (max-width: 504px) 100vw, 504px\" \/><\/figure>\n<\/div>\n\n\n\n<div class=\"wp-block-column is-vertically-aligned-center is-layout-flow wp-block-column-is-layout-flow\" style=\"flex-basis:44%\">\n<div class=\"wp-block-group is-nowrap is-layout-flex wp-container-core-group-is-layout-dae6801e wp-block-group-is-layout-flex\" style=\"margin-bottom:var(--wp--preset--spacing--x-small)\">\n<hr class=\"wp-block-separator has-text-color has-highlight-color has-alpha-channel-opacity has-highlight-background-color has-background is-style-wide wp-container-content-e1bb55cb\"\/>\n\n\n\n<h6 class=\"wp-block-heading has-highlight-color has-text-color has-link-color has-poppins-font-family has-x-small-font-size wp-elements-5b0127eb63226fbaf3a02960adee6ba4\" style=\"font-style:normal;font-weight:600\">Cl\u00ednica Dr. Jos\u00e9 Valda\u00ed de Souza<\/h6>\n<\/div>\n\n\n\n<h3 class=\"wp-block-heading has-poppins-font-family\" style=\"font-style:normal;font-weight:700\">FALE CONOSCO<\/h3>\n\n\n\n<p class=\"has-text-align-left has-poppins-font-family has-small-font-size\" style=\"margin-top:var(--wp--preset--spacing--x-small);margin-bottom:var(--wp--preset--spacing--medium)\">A abordagem no n\u00edvel molecular \u00e9 padr\u00e3o ouro na medicina de precis\u00e3o, e a Cl\u00ednica Dr. Jos\u00e9 Valda\u00ed de Souza \u00e9 uma refer\u00eancia nacional.<br>Agende sua consulta que estamos sempre prontos para lhe ajudar.<\/p>\n\n\n\n<div class=\"wp-block-group has-border-color has-global-padding is-layout-constrained wp-container-core-group-is-layout-a99a8967 wp-block-group-is-layout-constrained\" style=\"border-color:#d6dadd;border-width:1px;border-radius:30px;padding-top:var(--wp--preset--spacing--small);padding-right:var(--wp--preset--spacing--large);padding-bottom:var(--wp--preset--spacing--small);padding-left:var(--wp--preset--spacing--large)\">\n<h5 class=\"wp-block-heading has-text-align-left has-poppins-font-family\" style=\"font-style:normal;font-weight:600;line-height:1.2\">Endere\u00e7o :<\/h5>\n\n\n\n<p class=\"has-text-align-left has-poppins-font-family has-large-font-size\">Av. Carlos Gomes, 328 cj 501<br>CEP: 90480-000<br>Porto Alegre \/ RS \u2013 Brasil<\/p>\n\n\n\n<p class=\"has-text-align-left has-poppins-font-family has-large-font-size\"><\/p>\n<\/div>\n\n\n\n<div class=\"wp-block-group has-border-color has-global-padding is-layout-constrained wp-container-core-group-is-layout-a99a8967 wp-block-group-is-layout-constrained\" style=\"border-color:#d6dadd;border-width:1px;border-radius:30px;padding-top:var(--wp--preset--spacing--small);padding-right:var(--wp--preset--spacing--large);padding-bottom:var(--wp--preset--spacing--small);padding-left:var(--wp--preset--spacing--large)\">\n<h5 class=\"wp-block-heading has-text-align-left has-poppins-font-family\" style=\"font-style:normal;font-weight:600;line-height:1.2\">Telefone :<\/h5>\n\n\n\n<p class=\"has-text-align-left has-poppins-font-family has-large-font-size\">Fone \/ Fax: (+55) 51 3273.0050<br>Celular\/Whatsapp (+55) 51 9931-8291<\/p>\n<\/div>\n\n\n\n<div class=\"wp-block-group has-border-color has-global-padding is-layout-constrained wp-container-core-group-is-layout-a99a8967 wp-block-group-is-layout-constrained\" style=\"border-color:#d6dadd;border-width:1px;border-radius:30px;padding-top:var(--wp--preset--spacing--small);padding-right:var(--wp--preset--spacing--large);padding-bottom:var(--wp--preset--spacing--small);padding-left:var(--wp--preset--spacing--large)\">\n<h5 class=\"wp-block-heading has-text-align-left has-poppins-font-family\" style=\"font-style:normal;font-weight:600;line-height:1.2\">E-mail:<\/h5>\n\n\n\n<p class=\"has-text-align-left has-poppins-font-family has-large-font-size\"><a href=\"mailto:cjvaldai@terra.com.br\">cjvaldai@terra.com.br<\/a><br><\/p>\n<\/div>\n\n\n\n<div class=\"wp-block-group has-border-color has-global-padding is-layout-constrained wp-container-core-group-is-layout-a99a8967 wp-block-group-is-layout-constrained\" style=\"border-color:#d6dadd;border-width:1px;border-radius:30px;padding-top:var(--wp--preset--spacing--small);padding-right:var(--wp--preset--spacing--large);padding-bottom:var(--wp--preset--spacing--small);padding-left:var(--wp--preset--spacing--large)\">\n<h5 class=\"wp-block-heading has-text-align-left has-poppins-font-family\" style=\"font-style:normal;font-weight:600;line-height:1.2\">Web Site:<\/h5>\n\n\n\n<p class=\"has-text-align-left has-poppins-font-family has-large-font-size\"><a href=\"http:\/\/clinicavaldai.com.br\" target=\"_blank\" rel=\"noreferrer noopener\">clinicavaldai.com.br<\/a><br><\/p>\n<\/div>\n<\/div>\n<\/div>\n<\/div>\n<\/div>\n","protected":false},"excerpt":{"rendered":"<p>Cl\u00ednica Dr. Jos\u00e9 Valda\u00ed de Souza FALE CONOSCO A abordagem no n\u00edvel molecular \u00e9 padr\u00e3o ouro na medicina de precis\u00e3o, e a Cl\u00ednica Dr. Jos\u00e9 Valda\u00ed de Souza \u00e9 uma refer\u00eancia nacional.Agende sua consulta que estamos sempre prontos para lhe ajudar. Endere\u00e7o : Av. Carlos Gomes, 328 cj 501CEP: 90480-000Porto Alegre \/ RS \u2013 Brasil [&hellip;]<\/p>\n","protected":false},"author":1,"featured_media":0,"parent":0,"menu_order":0,"comment_status":"closed","ping_status":"closed","template":"page-no-gap","meta":{"pagelayer_contact_templates":[],"_pagelayer_content":"","footnotes":""},"class_list":["post-119","page","type-page","status-publish","hentry"],"_links":{"self":[{"href":"https:\/\/ciencia-medicina-biologia-molecular.clinicavaldai.com.br\/porto-alegre-rs-brasil\/wp-json\/wp\/v2\/pages\/119","targetHints":{"allow":["GET"]}}],"collection":[{"href":"https:\/\/ciencia-medicina-biologia-molecular.clinicavaldai.com.br\/porto-alegre-rs-brasil\/wp-json\/wp\/v2\/pages"}],"about":[{"href":"https:\/\/ciencia-medicina-biologia-molecular.clinicavaldai.com.br\/porto-alegre-rs-brasil\/wp-json\/wp\/v2\/types\/page"}],"author":[{"embeddable":true,"href":"https:\/\/ciencia-medicina-biologia-molecular.clinicavaldai.com.br\/porto-alegre-rs-brasil\/wp-json\/wp\/v2\/users\/1"}],"replies":[{"embeddable":true,"href":"https:\/\/ciencia-medicina-biologia-molecular.clinicavaldai.com.br\/porto-alegre-rs-brasil\/wp-json\/wp\/v2\/comments?post=119"}],"version-history":[{"count":28,"href":"https:\/\/ciencia-medicina-biologia-molecular.clinicavaldai.com.br\/porto-alegre-rs-brasil\/wp-json\/wp\/v2\/pages\/119\/revisions"}],"predecessor-version":[{"id":627,"href":"https:\/\/ciencia-medicina-biologia-molecular.clinicavaldai.com.br\/porto-alegre-rs-brasil\/wp-json\/wp\/v2\/pages\/119\/revisions\/627"}],"wp:attachment":[{"href":"https:\/\/ciencia-medicina-biologia-molecular.clinicavaldai.com.br\/porto-alegre-rs-brasil\/wp-json\/wp\/v2\/media?parent=119"}],"curies":[{"name":"wp","href":"https:\/\/api.w.org\/{rel}","templated":true}]}}